 f(69).
-67
Let x(g) = -2*g**3 - 296*g**2 - 338*g - 6421. What is x(-147)?
47
Let n(l) = -345*l - 4116. Determine n(-12).
24
Let t(a) = -4*a**3 - 60*a**2 + 148*a + 2685. What is t(-16)?
1341
Let k(o) = -7*o**2 - 3939*o + 11832. Calculate k(3).
-48
Let f(s) = -s**3 - 5*s**2 - 56*s - 416. Determine f(-6).
-44
Let q(i) = -183*i - 14942. Calculate q(-86).
796
Let c(s) = -2*s**3 + 1547*s**2 + 2288*s + 28722. What is c(775)?
47
Let n(l) = 9*l**2 + 4*l - 16487. What is n(-43)?
-18
Let a(w) = 47491*w + 2422006. Give a(-51).
-35
Let u(f) = -9*f**2 + 114*f + 477. Determine u(16).
-3
Let y(o) = 34187*o + 9469800. Give y(-277).
1
Let y(u) = 19*u**2 + 141*u + 34. Calculate y(-7).
-22
Let k(x) = 27288*x + 109150. Give k(-4).
-2
Let u(t) = -1637793*t + 7. What is u(0)?
7
Let h(k) = -2167*k + 119234. Calculate h(55).
49
Let g(m) = -4*m**3 - 31*m**2 + 31*m + 86. Determine g(2).
-8
Let n(x) = -7*x**3 + 9*x**2 - 48*x + 180. Give n(4).
-316
Let s(h) = -h**2 - 113*h + 39395. Calculate s(-263).
-55
Let f(u) = -84*u - 32. Calculate f(-1).
52
Let r(c) = c**3 + 82*c**2 - 517*c - 7132. Determine r(-87).
2
Let l(s) = -s**3 - 50*s**2 - 598*s + 320. What is l(-31)?
599
Let z(q) = q**3 - 26*q**2 - 201*q - 79. What is z(-7)?
-289
Let o(r) = 8685*r - 399517. Give o(46).
-7
Let s(v) = -v**2 + 15*v + 1. Determine s(25).
-249
Let b(h) = -27250*h - 272517. Calculate b(-10).
-17
Let f(q) = 2*q**3 + 399*q**2 - 180*q + 3972. Calculate f(-200).
-28
Let a(c) = 4*c**2 + 212*c - 23154. What is a(-107)?
-42
Let b(l) = 83*l + 3388. What is b(-38)?
234
Let o(p) = -302*p + 19543. Determine o(49).
4745
Let d(p) = 489*p - 49688. What is d(102)?
190
Let s(h) = 45*h**2 + 313*h + 245. Determine s(-6).
-13
Let c(p) = -2392*p - 157841. Determine c(-66).
31
Let z(i) = 184*i**2 - 2001*i - 255. Determine z(11).
-2
Let r(v) = v**2 - 512*v - 148810. Give r(-207).
23
Let q(u) = 4*u**2 - 1296*u + 46416. Calculate q(283).
4
Let o(y) = y**3 - 224*y**2 - 5414*y + 1516. Give o(246).
1024
Let p(f) = -8*f**3 - 14*f**2 + 172*f + 24. What is p(4)?
-24
Let h(p) = 429275*p - 2575745. Give h(6).
-95
Let g(d) = 128*d**2 - 151686*d + 7111. Calculate g(1185).
1
Let r(i) = -3*i**2 + 1722*i + 32003. Determine r(-18).
35
Let n(f) = 11999*f + 119979. Give n(-10).
-11
Let h(b) = 2229*b**2 - 14836*b - 5370. Give h(7).
-1
Let x(d) = -33*d**2 + 1099*d - 1098. Determine x(1).
-32
Let h(q) = 5*q**2 + 134*q - 8150. Give h(-56).
26
Let u(n) = -4*n**2 - 1755*n - 13226. Give u(-431).
135
Let g(p) = -18*p**2 + 5290*p - 15147. Determine g(291).
-15
Let y(d) = -10757*d - 484014. Determine y(-45).
51
Let v(u) = 4*u**2 - 314*u - 521. Give v(80).
-41
Let b(h) = 2*h**2 - 561*h + 7606. Calculate b(14).
144
Let b(o) = -3*o**2 + 353*o + 2990. Give b(-9).
-430
Let m(y) = 18010*y + 324161. Determine m(-18).
-19
Let g(c) = 59*c**2 - 572*c + 183. Calculate g(11).
1030
Let c(n) = -360469*n - 2162754. Give c(-6).
60
Let h(f) = 2333*f + 6953. Give h(-3).
-46
Let v(i) = -56*i**3 - 3*i**2 + 14*i - 31. Give v(3).
-1528
Let g(o) = -28529*o - 52036897. Determine g(-1824).
-1
Let n(l) = 5*l**2 - 232*l - 803. Calculate n(50).
97
Let i(y) = y**3 - y**2 - 70*y + 582. What is i(0)?
582
Let b(n) = -78249*n - 626003. Determine b(-8).
-11
Let p(a) = -a**3 - 38*a**2 - 49*a + 2951. What is p(-34)?
-7
Let b(c) = -c**2 - 1192*c + 50538. Calculate b(41).
-15
Let a(y) = -1290*y + 677. Give a(1).
-613
Let s(l) = l**2 - 50*l - 46054. Calculate s(-191).
-23
Let f(m) = -734*m - 123966. What is f(-168)?
-654
Let u(q) = 4689*q - 337042. Determine u(72).
566
Let n(u) = 57*u**2 - 792*u - 13826. Give n(24).
-2
Let q(t) = -68419*t - 136852. Give q(-2).
-14
Let t(p) = 2*p**3 + 718*p**2 + 13556*p - 1177. Calculate t(-339).
179
Let j(x) = x**3 + 50*x**2 - 362*x - 10767. Give j(-53).
-8
Let c(q) = -2652*q + 350067. Determine c(132).
3
Let x(t) = 13*t**3 + 39*t**2 + 10*t + 4. Give x(-5).
-696
Let r(y) = 192*y**2 + 59138*y + 601. Calculate r(-308).
-15
Let j(p) = -23456*p + 5. Give j(0).
5
Let i(q) = -q**2 - 605*q + 8503. Calculate i(15).
-797
Let j(d) = 6221*d - 124428. What is j(20)?
-8
Let p(w) = -188*w**2 - 173*w - 68. Determine p(-4).
-2384
Let w(z) = -168*z + 2128. Calculate w(11).
280
Let y(z) = 1497*z - 13627. Calculate y(12).
4337
Let d(q) = -8*q**2 - 93*q + 15078. Determine d(38).
-8
Let s(f) = -8*f**3 - 42*f - 42. Give s(-1).
8
Let o(h) = -h**3 - 18*h**2 - 35*h - 2086. What is o(-21)?
-28
Let x(n) = 1480*n - 93254. Give x(63).
-14
Let f(q) = 2*q**2 + 231*q + 6146. What is f(-40)?
106
Let n(w) = -12920*w + 891470. What is n(69)?
-10
Let z(c) = 2*c**2 + 2956*c - 1702006. Calculate z(443).
0
Let o(r) = -12*r**3 - 304*r**2 + 219*r + 75. Determine o(-26).
-211
Let c(u) = -60*u**3 + 21961*u**2 - 370*u + 1423. Determine c(366).
-41
Let s(g) = -2*g**3 - 42*g**2 + 537*g + 12990. Calculate s(-24).
3558
Let l(a) = 5*a**3 - 77*a**2 + 210*a - 35. Give l(12).
37
Let u(i) = -2201*i + 116655. What is u(53)?
2
Let g(h) = -3*h**2 + 234*h + 100325. Determine g(-148).
-19
Let c(k) = k**3 + 14*k**2 - 8*k - 64. What is c(-8)?
384
Let i(a) = -a**3 + 17*a**2 + 491*a + 1580. Give i(33).
359
Let q(z) = 2*z**3 + 72*z**2 - 233*z + 217. Determine q(-39).
178
Let j(k) = -89*k**2 - 1519*k + 14984. Determine j(7).
-10
Let m(f) = 3625*f + 130531. Give m(-36).
31
Let z(h) = -70478*h - 70504. What is z(-1)?
-26
Let j(l) = -236*l**2 + 14158*l + 110. Determine j(60).
-10
Let z(x) = 9*x**3 - 116*x**2 + 90*x + 29. What is z(12)?
-43
Let r(k) = 82*k**2 - 155*k + 4. Determine r(2).
22
Let x(b) = -7*b**3 - 40*b**2 - 23*b - 205. What is x(-6)?
5
Let m(d) = d**3 + 30*d**2 + 9597*d + 246822. Give m(-26).
4
Let m(a) = 13130*a + 472678. Give m(-36).
-2
Let t(l) = 10*l**2 + 553*l + 310. Determine t(-61).
3787
Let n(u) = -u**2 - 106*u + 18226. Determine n(92).
10
Let h(g) = 2*g**3 - 69*g**2 + 94*g + 10. Calculate h(33).
-155
Let o(y) = y**2 + 414*y + 10081. Determine o(-388).
-7
Let z(v) = 12*v**2 - 3368*v - 16875. Calculate z(-5).
265
Let q(t) = -t**3 - 11*t**2 + 84*t + 674. Calculate q(-13).
-80
Let c(h) = 3*h**2 - 234*h - 6589. Give c(-22).
11
Let a(s) = -8*s + 792. Give a(40).
472
Let h(x) = 163*x - 5113. Determine h(31).
-60
Let s(i) = -2*i**3 - 26*i**2 + 198*i + 1402. Calculate s(-5).
12
Let b(k) = 5553*k + 433159. Determine b(-78).
25
Let v(b) = -48*b**2 + 57*b + 980. What is v(6)?
-406
Let a(n) = 399002*n + 11970022. Calculate a(-30).
-38
Let d(i) = -21515*i - 774547. Determine d(-36).
-7
Let r(i) = -5*i**2 - 694*i - 209. Give r(-136).
1695
Let t(g) = g**2 - 164*g - 4068. Give t(-22).
24
Let l(i) = 15*i**2 + 22772*i + 68316. Determine l(-3).
135
Let a(u) = -3*u**3 + 389*u**2 + 922*u + 213. What is a(132)?
-51
Let s(h) = -h**3 + 25*h**2 + 21*h - 2624. Calculate s(15).
-59
Let m(v) = v**3 - 30*v**2 + 899*v - 5118. What is m(7)?
48
Let j(s) = -2*s**2 - 4010*s + 40123. Determine j(10).
-177
Let g(k) = 4788*k - 12775. Calculate g(2).
-3199
Let y(u) = 1707*u + 20458. Determine y(-12).
-26
Let q(v) = 8240*v - 41207. What is q(5)?
-7
Let u(q) = q**3 - 13*q**2 + 119*q - 244. Calculate u(8).
388
Let n(q) = 4*q**3 + 55*q**2 - 102*q - 192. Give n(-16).
-864
Let m(l) = -125*l**3 + l**2 + l + 1. What is m(-1)?
126
Let k(r) = -r**3 - 124*r**2 - 377*r - 1714. Determine k(-121).
-20
Let k(m) = -m**2 - 272*m + 2001. Give k(7).
48
Let l(x) = -1424*x + 42773. Determine l(30).
53
Let r(u) = 16*u - 137. Calculate r(30).
343
Let b(z) = 3*z**2 + 13*z - 15479. What is b(70)?
131
Let m(j) = -2*j**3 - 253*j**2 + 141*j + 1851. What is m(-127)?
73
Let x(s) = 1975*s + 7855. What is x(-4)?
-45
Let i(q) = -4*q**2 - 417*q - 10340. What is i(-63)?
55
Let o(p) = -24*p**2 + 845*p - 4839. Determine o(28).
5
Let k(z) = -861*z + 9895. Determine k(11).
424
Let q(r) = -16*r**2 - 100*r + 265. Calculate q(-15).
-1835
Let o(k) = -12961*k + 7621063. Calculate o(588).
-5
Let d(o) = -1809594*o - 1809590. Give d(-1).
4
Let t(n) = 6*n**3 - 50*n**2 - 89*n + 460. Give t(9).
-17
Let z(b) = b**2 + 104*b + 2309. Calculate z(-18).
761
Let o(b) = -48*b**2 + 6652*b + 59384. Calculate o(147).
-4
Let j(l) = 6258*l - 6200. What is j(1)?
58
Let s(i) = -i**2 + 83*i + 621. What is s(55)?
2161
Let a(k) = 19275*k - 193172. Give a(10).
-422
Let w(k) = 2120*k - 349552. Calculate w(165).
248
Let x(m) = -358630*m + 1793169. Give x(5).
19
Let i(r) = r**2 - 11*r - 1493. Give 